8
Let a be 2/(-3) - 17/(-3). Let i be (6 - a)/((-2)/22). What is the tens digit of 3 - (1 - 1) - i?
1
Suppose -3*m + 2 = -m. Suppose -2*r = m - 9. What is the units digit of (-34)/(-6) - r/6?
5
Let h(m) = m + 16. Let n = 9 - 9. What is the tens digit of h(n)?
1
Suppose -2*u = -u - 6. Let v = u + -4. Let n = v - 1. What is the units digit of n?
1
Let i(w) = w + 14. Let y be i(-11). Suppose y*h + 147 = 5*k, -5*k + 32 + 116 = -2*h. What is the units digit of k?
0
What is the tens digit of 17/1*1 + -4?
1
Let s be (4/(-5))/(1/(-20)). Suppose w - 5 + 0 = 0. Suppose -4*x - t = -0*t - s, w*x + 3*t = 27. What is the units digit of x?
3
Let w = -3 + 59. What is the tens digit of w?
5
Let x(d) = -d**3 - 6*d**2 + 6*d - 4. Let q be (-41)/6 + (-4)/24. What is the units digit of x(q)?
3
Suppose -11 - 25 = -3*w. Let d be (15/w)/(2/(-8)). What is the units digit of (-2)/d - 6/(-10)?
1
Let d be (-12)/2*(-4)/(-12). Let c = d - 5. Let a = c + 20. What is the tens digit of a?
1
Let i = 9 - 13. What is the units digit of (i + (4 - 1))*-4?
4
Let y be 1 + 0 + 2 + 1. Let k = y - -2. What is the units digit of k?
6
Let p(l) = -l**3 - l**2 + l + 14. Let j(s) = s + 6. Let i be j(-6). What is the units digit of p(i)?
4
Suppose -3*o + 33 = 5*d, -3*o + 3*d + 0 = -9. Let r(t) be the first derivative of -t**4/4 + 2*t**3 + t**2/2 - 4*t + 2. What is the units digit of r(o)?
2
Suppose t + 2 = 4. What is the units digit of (t - -3)*24/20?
6
Let o(m) be the first derivative of m**4/4 + 7*m**3/3 + m**2/2 + 10*m - 2. Let l(y) = y**2 + 6*y - 2. Let p be l(-5). What is the units digit of o(p)?
3
Let z(n) = 2*n + 12. Suppose -2*h - 10 = -34. What is the tens digit of z(h)?
3
What is the tens digit of (528/(-11))/(-1*(-6)/(-16))?
2
Suppose 0 = 5*w, 4*o - 20 = 5*w + 12. What is the units digit of o?
8
Let o(g) = 8*g**2 - g. Let w be o(-1). Let q = 2 + w. Let x = 20 - q. What is the units digit of x?
9
Let o(u) be the second derivative of 1/6*u**3 + 0 + 3/2*u**2 - 2*u. What is the units digit of o(4)?
7
Let r(j) = 7*j**3 + 2*j**2 - 2. What is the units digit of r(2)?
2
Suppose 20 = -5*d + 3*z + 59, 42 = 5*d - 4*z. Suppose d*i = i. Suppose i*j = -j + 17. What is the units digit of j?
7
Let d = 8 - -6. What is the units digit of d?
4
What is the tens digit of (-53)/(-5) - (-8)/20?
1
Suppose 0 = -l + y + 82, 5*l - 444 - 6 = -5*y. What is the tens digit of l?
8
Suppose -5*p + 10 = 0, 0 = -2*c - 2*c - 4*p + 192. What is the units digit of c?
6
Suppose -4*f + 6 = 2*i, -1 = 3*i + 3*f - 13. Suppose 4*x + 6*j + 4 = 2*j, -x - i = 2*j. What is the units digit of x?
3
Suppose -5*k + 17 = -y - y, 2*y + 8 = 2*k. Suppose -k*h - 26 = -5*h. What is the tens digit of h?
1
Let x(y) = 14*y**2 - 2*y - 8. What is the units digit of x(-2)?
2
Let k(y) = -2*y - 15. Let r be k(-10). Let z = -4 + r. What is the units digit of z?
1
Let u be ((-1)/1)/1 + 12. Suppose 3*o = 4 + u. Let y = 2 + o. What is the units digit of y?
7
Suppose 2*t = 4*t - 28. Let w = t + -7. Let b = w + -1. What is the units digit of b?
6
Let t = 86 - 51. What is the tens digit of t?
3
Let b = -149 - -479. What is the hundreds digit of b?
3
Suppose 3*i = 20 + 16. Suppose -2*r - k - k + i = 0, -3*k + 24 = 4*r. What is the units digit of r?
6
Let z(p) = p**2 - 4*p + 5. Let j be z(4). Suppose 2*l = o - 6*o + 65, o + 15 = l. Suppose 3*n = -j*s + 22, l = 3*n - n - 2*s. What is the units digit of n?
9
Let o(n) = 4*n - 10. Let c be (2 + -4)*7/(-2). What is the units digit of o(c)?
8
Let h(k) = -k**2 + 5*k. Let u be ((-18)/4)/((-3)/4). Let m be (-6)/2*(-8)/u. What is the units digit of h(m)?
4
Let r(b) = -b + 2. What is the units digit of r(-1)?
3
Let o(x) = 17*x - 2. Let q be o(2). Let c be (-3 - 0)/((-2)/q). What is the units digit of (-1)/(2*(-2)/c)?
2
What is the units digit of 1/(9/(-6)) - (-371)/3?
3
Suppose 7*u + 17 = 4*u - 2*h, 12 = -3*h. Suppose -s = 3*b - 3, -5*s - 6 = 4*b + 1. What is the units digit of 1 + (2 + u - s)?
3
Let m(r) = 2*r**2 - 5*r - 2. What is the tens digit of m(4)?
1
Suppose 141 = 5*m + 2*d, -4*m + 123 = d + 4*d. What is the tens digit of m?
2
Let z(g) = g + 4. Let v be z(-8). What is the units digit of 2*2/v - -3?
2
Suppose 0 = -7*x + 2*x + 30. Let p(h) = -h + 5. Let f(l) = l - 5. Let v(u) = 6*f(u) + 5*p(u). What is the units digit of v(x)?
1
Suppose -6*o + 198 = 3*z - o, 0 = -5*z + 5*o + 330. What is the tens digit of z?
6
Let t = -13 + 23. Suppose 94 + t = 3*d - 5*n, 5*d - n - 188 = 0. What is the units digit of d?
8
Let v(n) = -n**3 - n**2 - n + 2. Let d be v(0). Suppose k + q = 11, -d*k = -2*q + 7*q - 16. What is the units digit of k?
3
Suppose 5*k = 15*k - 1880. What is the hundreds digit of k?
1
Let j(h) = 2*h**2 + 7*h + 4. Suppose 2*i + 3*w - 15 = i, 0 = -i + 3*w - 9. Let f be -5 + (6/2)/i. What is the units digit of j(f)?
8
Suppose 0 = 5*m - 5, 0 = 2*d - 0*d - 4*m. Let b = d + 0. What is the units digit of (-3)/b*(-66)/9?
1
Let j(h) = -1 + 0 - 3*h + 2*h + 8. Suppose 3*b - 6 = -s, -2*s + b + 18 = s. What is the units digit of j(s)?
1
Suppose 45 = 2*f + f. What is the units digit of 55/f - 4/(-12)?
4
What is the tens digit of (2 - (-488)/32)/((-6)/(-8))?
2
Let z(s) = 2*s + 17. Let u(h) = 5*h + 35. Let v(t) = -3*u(t) + 7*z(t). What is the tens digit of v(0)?
1
Let m(u) = -2*u - 3. Let s be m(-4). Let r = -51 - -71. Suppose s*a = 20 + r. What is the units digit of a?
8
Suppose 0 = -3*t + 12, 4*o - 2*t = -3*t + 32. Let w(k) = k**3 - 7*k**2 + 3*k - 3. What is the tens digit of w(o)?
1
Let r = 22 + -42. What is the tens digit of 128/10 - 4/r?
1
Suppose 0*h = -5*h + 145. What is the tens digit of h?
2
Suppose b - p - 172 = -3*b, -4*p = 2*b - 104. Suppose 2*o - 2 = 0, -2*z - 4*o = 3*z - b. What is the units digit of z?
8
Suppose 2*l - 160 = -4*b, 2*l = 2*b - 2*l - 100. What is the units digit of b?
2
Suppose -11*x + 51 = -10*x. What is the units digit of x?
1
Let m be 2*1/2 + 9. Suppose m = 2*k - k. What is the units digit of k?
0
Suppose 3*j + 5*a + 8 = 0, -5*j + 0*j + 32 = -3*a. Let f be (4 - -1)*1 - 4. Suppose j = k - f. What is the units digit of k?
5
Let n(r) be the first derivative of -3*r**4/4 + r**3 + r**2 + r - 2. Let h be n(-2). Suppose -3*c + 0 = -h. What is the units digit of c?
1
Let p(z) = z - 6. Suppose 3*n = -2*n + 25. Let i be 2/(-5) - (-47)/n. What is the units digit of p(i)?
3
Let a be (-2)/13 - (-11)/(-13). Let g(i) = 10*i**2 + i. What is the units digit of g(a)?
9
Let v(t) = 15*t + 11. What is the hundreds digit of v(12)?
1
Let q = -4 + 9. Suppose 3*k - 70 = q*m + 47, -51 = 3*m + 3*k. Let n = -8 - m. What is the tens digit of n?
1
Let h(f) = -4*f - 5*f + 1 - f. What is the units digit of h(-1)?
1
Suppose -30 = 2*m - 4. Let q = -53 + 32. Let n = m - q. What is the units digit of n?
8
Suppose 0*w = 4*w - 20. Suppose 4*r - w*r + 21 = 0. What is the units digit of r?
1
Suppose -6*h = -h - 15. Suppose h*v - 10 = 5*q, q + 9 = 5*q + v. What is the units digit of q?
1
Suppose 0 = j + 3*j. Let o be ((-5)/4 + 2)*4. Suppose o*k = -j*q - q + 14, -4*q - 5*k + 49 = 0. What is the tens digit of q?
1
Let v be ((-6)/8)/(2/(-48)). Suppose d + 11 = -4*y, -3*y - 5*d - v = -d. What is the tens digit of 8 - (-3 - (-3 - y))?
1
Let r = -6 - -16. What is the units digit of r + (-2 - -2 - 0)?
0
Suppose 0 = -4*d - 0*d + 68. What is the units digit of d?
7
Let u = 235 - 85. What is the tens digit of u?
5
Let l be (-2 - 10/(-4))*72. Let x = l + -20. What is the tens digit of x?
1
Let m(v) = v**2 + 13*v - 10. Let q be m(-14). What is the units digit of q*(-4)/8 - -35?
3
Suppose 0 = 5*q - 3*g - 322, -4*g - 29 - 97 = -2*q. Suppose -q = -5*p + 5. What is the tens digit of p?
1
Suppose 0*n = -3*n + 18. Let j(w) = -w**2 + 7*w + 4. What is the tens digit of j(n)?
1
Let m be (-2 + 5)*(2 - 1). Suppose 2*k - m*k = 2*a - 23, -2*k + 18 = -3*a. What is the tens digit of k?
1
Let l(m) = -14*m - 1. Let k(s) = s. Let i(g) = -2*k(g) - l(g). What is the units digit of i(2)?
5
Suppose -w + 11 + 33 = 0. What is the units digit of w?
4
Suppose -308 = -5*s - 58. Suppose s + 40 = 2*f + 5*n, 200 = 4*f + 5*n. What is the tens digit of f?
5
Let l = -12 - -14. Suppose -l*r - 2*a + 26 + 6 = 0, -a = -r + 8. What is the units digit of r?
2
Let b = 5 + 1. Suppose b*u - u = 10. What is the units digit of u?
2
Let h = -15 - -44. What is the units digit of h?
9